 of 88842345.
3, 5, 5922823
List the prime factors of 1388846850.
2, 3, 5, 103, 241, 373
What are the prime factors of 6031677?
3, 2010559
What are the prime factors of 239198861?
11, 2437, 8923
What are the prime factors of 57960197?
57960197
What are the prime factors of 1737831497?
1737831497
List the prime factors of 7429761471.
3, 11, 10949, 20563
What are the prime factors of 3799038892?
2, 11, 17, 23, 9601
List the prime factors of 136361211.
3, 7, 101, 239, 269
What are the prime factors of 3314827?
43, 127, 607
What are the prime factors of 22847047?
22847047
What are the prime factors of 2226556934?
2, 7, 159039781
What are the prime factors of 404636580?
2, 3, 5, 227, 3301
List the prime factors of 329803295.
5, 89, 741131
What are the prime factors of 105620757?
3, 11, 3200629
List the prime factors of 220195829.
7, 31456547
List the prime factors of 134716369.
439, 306871
List the prime factors of 54457552.
2, 941, 3617
What are the prime factors of 8966532615?
3, 5, 17, 67, 269, 1951
List the prime factors of 90834402.
2, 3, 19, 31, 25703
List the prime factors of 14142581.
41, 344941
List the prime factors of 19791564.
2, 3, 13, 293, 433
List the prime factors of 58044029.
58044029
List the prime factors of 1508464933.
1508464933
What are the prime factors of 375136020?
2, 3, 5, 7, 297727
What are the prime factors of 9532518?
2, 3, 1588753
What are the prime factors of 133375921?
7, 139, 137077
What are the prime factors of 46076883?
3, 15358961
What are the prime factors of 7631036?
2, 7, 272537
List the prime factors of 50088373.
50088373
List the prime factors of 45394918.
2, 29, 782671
List the prime factors of 124240476.
2, 3, 199, 52027
List the prime factors of 199958982.
2, 3, 33326497
What are the prime factors of 270146582?
2, 135073291
List the prime factors of 328181093.
1061, 309313
What are the prime factors of 634729249?
7, 11, 113, 72949
List the prime factors of 461161176.
2, 3, 7, 17, 161471
What are the prime factors of 257186474?
2, 128593237
What are the prime factors of 990784172?
2, 7, 35385149
List the prime factors of 5784610390.
2, 5, 13, 277, 160639
What are the prime factors of 243400755?
3, 5, 13, 1248209
List the prime factors of 3372040.
2, 5, 7, 12043
List the prime factors of 1500866270.
2, 5, 150086627
List the prime factors of 39566176.
2, 13, 95111
What are the prime factors of 46391519?
46391519
List the prime factors of 5764685155.
5, 23, 179, 193, 1451
What are the prime factors of 168844525?
5, 29, 463, 503
What are the prime factors of 663680514?
2, 3, 7, 47, 336211
List the prime factors of 5911660158.
2, 3, 73, 173, 78017
List the prime factors of 172832352.
2, 3, 7, 11, 103, 227
What are the prime factors of 84391033?
8363, 10091
List the prime factors of 81336739.
11, 19, 389171
List the prime factors of 96598768.
2, 7, 29, 29741
List the prime factors of 1494832384.
2, 241, 24229
List the prime factors of 43226820.
2, 3, 5, 7, 13, 29
What are the prime factors of 2298387917?
7, 269, 1220599
List the prime factors of 25218584.
2, 1301, 2423
What are the prime factors of 5862700356?
2, 3, 5021, 97303
What are the prime factors of 34363150?
2, 5, 23, 29881
What are the prime factors of 185477857?
263, 821, 859
What are the prime factors of 39108763?
23, 31, 54851
What are the prime factors of 228282272?
2, 7133821
List the prime factors of 128159333.
128159333
What are the prime factors of 37696096?
2, 1178003
What are the prime factors of 296894334?
2, 3, 11, 631, 7129
What are the prime factors of 33012165?
3, 5, 2200811
List the prime factors of 226644685.
5, 45328937
List the prime factors of 89651689.
43, 199, 10477
List the prime factors of 1751817832.
2, 10037, 21817
What are the prime factors of 2458000928?
2, 53, 1449293
List the prime factors of 107066701.
7, 151, 101293
List the prime factors of 636479995.
5, 127295999
List the prime factors of 37727134.
2, 41, 460087
List the prime factors of 168741678.
2, 3, 7, 4017659
What are the prime factors of 93409530?
2, 3, 5, 937, 3323
List the prime factors of 318450590.
2, 5, 769, 41411
What are the prime factors of 221486401?
19, 11657179
List the prime factors of 4296337724.
2, 7, 153440633
What are the prime factors of 96689590?
2, 5, 9668959
List the prime factors of 4031246225.
5, 23, 7010863
What are the prime factors of 66119418?
2, 3, 257, 14293
List the prime factors of 182714746.
2, 383, 238531
List the prime factors of 24178749.
3, 7, 1151369
List the prime factors of 455919703.
241, 503, 3761
What are the prime factors of 1591424827?
15641, 101747
What are the prime factors of 772728555?
3, 5, 467, 110311
List the prime factors of 634671191.
7, 11, 2677, 3079
What are the prime factors of 2031594626?
2, 1015797313
List the prime factors of 262954580.
2, 5, 7, 179, 1499
List the prime factors of 57437549.
13, 4418273
List the prime factors of 112657963.
11, 17, 59, 10211
List the prime factors of 51689565.
3, 5, 151, 7607
What are the prime factors of 18379761?
3, 6126587
What are the prime factors of 230778048?
2, 3, 1201969
List the prime factors of 5380490561.
547, 9836363
What are the prime factors of 1096668529?
11, 67, 1488017
List the prime factors of 22129802.
2, 11064901
List the prime factors of 6355318176.
2, 3, 22067077
What are the prime factors of 393095959?
19, 3761, 5501
What are the prime factors of 383968168?
2, 2039, 23539
List the prime factors of 1659009730.
2, 5, 7, 167, 141917
What are the prime factors of 185507502?
2, 3, 17, 919, 1979
What are the prime factors of 730435262?
2, 365217631
List the prime factors of 2658698080.
2, 5, 2633, 6311
What are the prime factors of 340532892?
2, 3, 7, 31, 43591
What are the prime factors of 472873507?
29, 223, 73121
What are the prime factors of 5963460?
2, 3, 5, 99391
What are the prime factors of 81588?
2, 3, 13, 523
What are the prime factors of 1052450662?
2, 526225331
What are the prime factors of 52323655?
5, 1231, 8501
What are the prime factors of 5464098162?
2, 3, 29, 1163069
What are the prime factors of 397286952?
2, 3, 67, 247069
List the prime factors of 439043485.
5, 59, 347, 4289
What are the prime factors of 252402138?
2, 3, 23, 29, 21023
List the prime factors of 7185613.
823, 8731
List the prime factors of 51636348.
2, 3, 173, 8291
What are the prime factors of 10726419?
3, 11, 325043
What are the prime factors of 904933940?
2, 5, 79, 151, 3793
List the prime factors of 60540493.
13, 71, 107, 613
What are the prime factors of 530025824?
2, 19, 499, 1747
What are the prime factors of 231636025?
5, 9265441
List the prime factors of 388755821.
23, 113, 149579
List the prime factors of 128542267.
7, 2689, 6829
What are the prime factors of 2840792961?
3, 19, 1223, 40751
List the prime factors of 896513286.
2, 3, 149418881
List the prime factors of 3944383391.
13, 303414107
List the prime factors of 5112990438.
2, 3, 2311, 368743
What are the prime factors of 782990047?
7, 4421, 25301
What are the prime factors of 16206684?
2, 3, 13, 103889
List the prime factors of 598200337.
7, 85457191
List the prime factors of 5809530774.
2, 3, 968255129
List the prime factors of 6137616.
2, 3, 127867
What are the prime factors of 24035838?
2, 3, 29, 107, 1291
List the prime factors of 51994810.
2, 5, 7, 742783
List the prime factors of 215841976.
2, 7, 19, 202859
List the prime factors of 204251226.
2, 3, 17, 73, 27431
What are the prime factors of 329895103?
73, 1697, 2663
List the prime factors of 2855513.
2855513
List the prime factors of 386618378.
2, 347, 557087
List the prime factors of 79725082.
2, 39862541
What are the prime factors of 514873379?
514873379
List the prime factors of 2506366307.
2506366307
What are the prime factors of 136349267?
23, 5928229
List the prime factors of 11479546.
2, 13, 37, 11933
What are the prime factors of 5754054445?
5, 37, 53, 586849
What are the prime factors of 23024810?
2, 5, 2302481
What are the prime factors of 50347940?
2, 5, 229, 10993
What are the prime factors of 105136096?
2, 13, 252731
What are the prime factors of 2267226383?
2267226383
What are the prime factors of 102514291?
11, 19, 490499
List the prime factors of 725762346.
2, 3, 257, 470663
List the prime factors of 320540387.
379, 845753
Li